he tens digit of c?
2
Suppose 6*q - 48 = 2*q. Suppose 138 = 4*h + 3*b, 2*h - 44 - q = 5*b. Let v = h + -18. What is the tens digit of v?
1
Let h(v) = -5*v - 11. What is the units digit of h(-8)?
9
Let x = -5 - -64. What is the units digit of x?
9
Suppose 3*u - 1 = 4*f - 21, 3*u + 3*f = 15. Suppose -4*v + 45 + 31 = u. What is the units digit of v?
9
Let h(r) = -r**3 - 3*r**2 - 3*r - 3. Let a be h(-2). What is the units digit of (a/4)/(1/(-4))?
1
Suppose 5*p + 5 = -0. Let s = 2 - p. Suppose 2*o - 27 = -s. What is the tens digit of o?
1
Let i(p) = -p**2 - 22*p + 23. What is the units digit of i(-22)?
3
What is the units digit of 2 + (3 - -22) + 3?
0
What is the tens digit of ((-88)/33)/((-4)/42)?
2
Let z be 5/(-10) - (-14)/4. Suppose 3*d - 38 = -3*l + l, -4*l - 50 = -z*d. What is the tens digit of d?
1
Suppose -572 = -15*w + 13*w. What is the tens digit of w?
8
Let u(v) = -6*v - 4. Let o be u(-3). Let y = o - -2. What is the units digit of y?
6
Let c be 7*(5 - 12/3). Let r(m) = 464*m**3 + m**2 - m + 1. Let d be r(1). What is the tens digit of d/35 + (-2)/c?
1
Let r(u) = u**3 + 5*u**2 - 6*u - 1. Let i be r(-6). Let y(b) = -10*b**3 - 2*b**2 - 2*b - 1. What is the units digit of y(i)?
9
Let z be (1*-2)/(4/(-14)). Let q be -12*(-4)/(-6) - -4. Let w = z + q. What is the units digit of w?
3
Suppose 2*p + 0*p = 70. Let a = p + -11. What is the tens digit of a?
2
Let x = 4 - -17. Let u = 38 - x. What is the tens digit of u?
1
Let b = -139 + 158. What is the tens digit of b?
1
What is the units digit of (1*1/(-3))/(6/(-828))?
6
What is the tens digit of 8/6*(-225)/(-10)?
3
Suppose 3*g = -y, -5*g - 28 = -3*y - 0*g. Let r = 18 - y. Suppose 0 = -3*j + r - 0. What is the units digit of j?
4
Let p(c) = -2*c**3 - 4*c**2 - 4*c + 2. What is the tens digit of p(-2)?
1
What is the tens digit of 2 + -6 - (-3 + -27)?
2
Suppose -5*i + 20 = 2*k - i, 5*k + 5*i - 25 = 0. Suppose f + 7 + k = 0. Let n(p) = -p. What is the units digit of n(f)?
7
Let j = 10 + 53. What is the tens digit of j?
6
Let s(l) = -l**3 + 7*l**2 - 5*l - 1. Let t be s(6). Suppose m = -4*a - 0*a - 2, -2*a + 44 = t*m. What is the units digit of (-348)/(-30) + 4/m?
2
Let l = 12 - 29. Let p = 1 - l. What is the units digit of p?
8
Let f be ((-59)/(-2))/(6/(-12)). Let y = -40 - f. Suppose 6 = 5*u - y. What is the units digit of u?
5
Let r(i) = -i**3 - 5*i**2 + 10*i + 1. Let s be r(-7). Suppose s = o + o + f, 2*f = o - 2. What is the units digit of o?
2
Let z(o) = 17*o**2 + o + 1. What is the tens digit of z(2)?
7
Let b = 149 - 82. What is the units digit of b?
7
What is the units digit of 1/7*7*(0 + 129)?
9
Suppose -4*a + 159 = 5*s - 18, a - 135 = -4*s. What is the tens digit of s?
3
Let u be 0 + 3/(2/2). Suppose -u*t + 6 = -3. What is the units digit of t?
3
Let x be (-2)/(-4)*(-1 - -1). Suppose -g - 2*g + 5*o + 71 = x, -3*g = 2*o - 85. What is the units digit of g?
7
Let o(i) be the second derivative of i**5/20 - i**4/6 + 2*i**3/3 - 3*i**2/2 - 3*i. Let y be -2 - 0 - -5 - 1. What is the units digit of o(y)?
5
Suppose -4*p = -k - 217, 0 = p + 5*k - 9 - 61. Let h be 2/11 + (-670)/p. What is the units digit of (-9)/4*32/h?
6
Let i(z) = -z**2 - 6*z + 4. Let k be i(-6). Suppose -k*j - 2*y - 40 = 20, -j + 2*y = 15. Let m = j + 26. What is the tens digit of m?
1
Suppose 0*i + 228 = 5*i - 4*p, 3*i - 2*p = 138. Suppose 0*b - i = -3*m + 5*b, 0 = -5*m - b + 108. Suppose m = u + 2*u. What is the units digit of u?
7
Let c(y) = y**2 + 6*y - 7. Let z be c(-7). What is the tens digit of 17*(z + -1 + 3)?
3
Let b be 40/15 - (-2)/6. Suppose -3*i + 28 = -5*o, b*i + 2*o - 34 = o. What is the units digit of i?
1
Let f be (5 + -1)*5/(-4). Let q(u) = u**3 + 5*u**2 - 3*u - 5. What is the units digit of q(f)?
0
Let v be ((-12)/20)/(1/(-5)). Let c = v - 7. What is the units digit of 2 + 1 - (-8)/c?
1
Let d be 84/(-8)*8/(-6). Suppose 0 = -v + 2*v - d. What is the tens digit of v?
1
Suppose -2*j = 7*j - 351. What is the tens digit of j?
3
Let q(j) = 16*j + 33. Let d(y) = -8 + 3 + 0*y - 5*y - 6. Let n(h) = 7*d(h) + 2*q(h). What is the units digit of n(-9)?
6
Let b(k) = -4*k**2 + 0*k**2 - 1 + 4*k**2 + k**2 - k. Let d be b(3). Suppose 0 = -c + 3*h - 8, d*c + 4*h = 2*h + 45. What is the units digit of c?
7
Let f(h) = h - 1. Let a be f(2). Let z be 3*(-2 - (-8)/2). Let l = z - a. What is the units digit of l?
5
Let p be 10/(-35) - 632/(-7). Suppose -6*l + p = -l. What is the units digit of l?
8
Let i be 6 + -1*(5 + -3). Suppose -i*n - 3 + 11 = 0. What is the units digit of n?
2
Let j be (0 - (3 + -2)) + 5. Suppose 2*t = -7*h + 2*h + 38, -2*t - 34 = -j*h. What is the units digit of -3 - (-3 - (h - 1))?
7
Let y = 15 + 68. What is the tens digit of y?
8
Suppose i - 20 = -3*i. Suppose 4*a + i*j = 91, 3*j = -0*j - 3. What is the units digit of a?
4
Suppose j = -4*l + 481, 258 = 2*l + j + 3*j. What is the tens digit of l?
1
Suppose 6*v - 2*v + 4 = 0. What is the units digit of (v + -5)/((-24)/16)?
4
Let i(z) = 3*z**3 + 2*z**2 - 3*z + 1. Let v be i(2). What is the tens digit of -2*4/(-8)*v?
2
Let b be (10/3)/((-2)/(-12)). Let z be 1*-1 - b/(-5). Suppose 2*w + z*w - 4*r - 9 = 0, 3*w = 4*r + 7. What is the units digit of w?
1
Let s = 3 - 4. Let p be ((-10)/25)/(s/(-5)). What is the units digit of (84/(-18))/(p/3)?
7
Let f = -15 + 38. What is the tens digit of f?
2
Let d be (-11 + 3 + 0)/(-2). Let l be (3 - d)/(-1) + 5. Suppose l = 2*w + 3*k, -4*k - 9 = -4*w + 3. What is the units digit of w?
3
Suppose w - 6*w - 10 = 0. Let g(t) = -1 + 0 - 6*t - 2. What is the units digit of g(w)?
9
Suppose 0 = 8*x + 142 - 894. What is the tens digit of x?
9
Let l(i) = i**2 + 7*i + 4. Let o be (-1 - -2) + (-3 - 5). What is the units digit of l(o)?
4
Suppose 3*u - q + 78 = 0, 0 = -2*u + 5*u + 3*q + 66. What is the units digit of ((-20)/u)/(2/10)?
4
Let s(p) = -p**3 + 6*p**2 + 3*p - 6. What is the units digit of s(5)?
4
Let i = 66 - 36. What is the units digit of i/24 + 2/(-8)?
1
Let x(h) = -h**2 + 10*h + 15. Let q be x(11). Suppose 0 = -z + 2, -5*z - 178 = -0*o + 4*o. What is the units digit of q/14 - o/7?
7
Let q(m) = -m**2 + 8*m - 6. What is the units digit of q(6)?
6
Let b(i) = 3*i**2 + 2*i + 2. Let p(y) = -y. Let r(m) = -b(m) - 4*p(m). Let t be r(2). Let l = 17 + t. What is the units digit of l?
7
Let b(t) = -t - 5. Let q be b(4). Let k = -9 + q. What is the units digit of (0 - 2)/(4/k)?
9
Suppose 2*z + 7 = -3*v + 1, 0 = -2*z - 5*v - 10. Suppose z = -0*n - 4*n + 112. What is the units digit of n?
8
Let u(a) = a**3 - a**2 + 2. Let p be u(0). Suppose -6*v - 4*k = -v - 18, 0 = k - p. Suppose 3*t - 9 = t + w, -2*w = -v. What is the units digit of t?
5
Suppose 2*p + 486 = 4*q, p - 362 = -5*q + 2*q. What is the hundreds digit of q?
1
Suppose 4 = m + w, -w + 2 = 3*m - 0*w. Let y be (2/(2/m))/1. What is the units digit of 4/(2 + (y - -1))?
2
Suppose 5 = o - y, -y = -3*o - 2 + 15. What is the units digit of o?
4
Suppose 5*y - 4 = 4*y. Suppose 4*w = -2*v + w, -y*w - 8 = 0. What is the units digit of v?
3
Let f = 211 + 7. What is the hundreds digit of f?
2
Let l(b) = 8*b. Let u be l(1). Suppose -3*w = -u*w + 15. What is the units digit of w?
3
Suppose -v + 0*k + 4*k = -4, -4*v = -5*k - 16. Suppose -5*n + i + v*i + 105 = 0, 103 = 3*n + 5*i. What is the units digit of n?
6
Suppose 5 = j - 5*z, -6*j + 25 = -j - 4*z. Suppose -y - 1 = -s, -y + j*s - 14 = 3. Suppose 0*k + y*k - 39 = 0. What is the units digit of k?
3
Suppose 0 = 4*v - 6*v + 32. What is the tens digit of v?
1
Let x = -8 - -36. What is the units digit of x?
8
Suppose -6*b - 90 = -462. What is the tens digit of b?
6
Let f = 7 - -3. Let a = 3 + 2. Let r = f - a. What is the units digit of r?
5
Suppose -38*v + 39*v = 7. What is the units digit of v?
7
Suppose 3*i + 303 = 5*u + 71, -i - 136 = -3*u. What is the units digit of u?
4
Let j(k) = -4*k + 2. Let f be j(-2). Suppose f = x - 0*x. What is the tens digit of x?
1
Let t = -794 + 1165. What is the units digit of t?
1
Suppose -3*x + 0*x + 36 = 3*v, -5*v = 3*x - 36. Suppose l = -4*l - 10. Let c = l + x. What is the tens digit of c?
1
Suppose 0 = 2*t + t - 42. What is the units digit of t?
4
Suppose -17*x + 15*x + 76 = 0. What is the units digit of x?
8
What is the units digit of 16/(-80) + 802/10?
0
Let l(q) = q. Let u be l(3). Suppose 1 - 4 = -u*b. What is the un